1?
21
Suppose -z = -2*t - 908, 9*t = 4*t - 2*z - 2288. Let m = -444 - t. What is the greatest common factor of 318 and m?
6
Suppose 4*x - 5*c - 6895 = 0, 1903 + 6721 = 5*x - c. Calculate the greatest common divisor of x and 120.
15
Suppose -986*z = -903 - 4027. Suppose -28 - 147 = -5*g. Calculate the greatest common factor of g and z.
5
Let l be 4/10 - (-4)/(-10). Let s be (l - 1)*(0 + -19). Suppose -p = -4*k + 160, 2*k + 2*p + 54 = 3*k. What is the highest common divisor of s and k?
19
Let a be -35 + (-28)/(-4 + -3). Let i(t) = t**2 - 7*t + 3. Let p be i(5). Let u = p - a. Calculate the highest common factor of 6 and u.
6
Suppose 0 = -18*o + 15*o + 4425. Let j be (-6)/((-180)/o) - (-5)/(-30). Calculate the greatest common divisor of 343 and j.
49
Suppose 2*i + 2*r = 7*r + 235, 5*i + 5*r = 500. What is the greatest common factor of i and 855?
15
Let v = -225591 - -225594. Let x be (-2)/(-7) + 132/(-21). Let d be 31 + (-2 - x)/2. Calculate the greatest common divisor of d and v.
3
Let x(k) = -16*k**3 - k. Let a be x(2). Let m be a/(-18) - 6/27. Let t = 563 - 549. What is the highest common factor of t and m?
7
Suppose 0 = -235*o + 232*o + 4*x + 410, -15*x = -60. What is the highest common factor of 28613 and o?
71
Let h be 2 + (64/1 - -2). Suppose -h*l + 44 = -64*l. Calculate the highest common divisor of 275 and l.
11
Let m = -248 + 285. Suppose -8*v + 83 = -m. What is the greatest common factor of v and 5?
5
Suppose -i = 2*i - 2*i. Suppose 26*u - 27*u + 1395 = i. Suppose -11*j + 16*j - u = 0. Calculate the highest common divisor of 31 and j.
31
Let v = -677 + 680. Let l be v/(-6)*-6 - -5. Calculate the greatest common factor of 6 and l.
2
Suppose 3 + 5 = 4*t. Let n(w) = 7*w - 2. Let p be n(t). Let u be (-22)/2*129660/(-118855). Calculate the greatest common divisor of p and u.
12
Suppose 430 - 54 = 8*n. Suppose -7 = -48*j + n*j. What is the greatest common divisor of 175 and j?
7
Suppose 4*a + 58 - 46 = 4*r, 4*a = r + 3. Calculate the highest common factor of 1105 and r.
5
Suppose -80 = -2*u - 5*j, 85 = 2*u - 3*j + 5. Suppose -14*m + u = -12*m. What is the highest common divisor of 40 and m?
20
Let j be (10 - 0)/((-1770)/(-708)). What is the greatest common divisor of 47 and j?
1
Suppose 2*d - 9*b = 61, -56*d + 2*b = -55*d - 18. Let f = -8 + 10. Calculate the highest common divisor of d and f.
2
Let g(w) be the second derivative of 0 + 5*w**2 - 5/3*w**3 - 15*w + 1/20*w**5 + 1/12*w**4. Let h be g(5). What is the greatest common divisor of 11 and h?
11
Suppose -2*q + 7422 + 11314 = 4*m, 9372 = 2*m + 3*q. Calculate the greatest common factor of 21 and m.
21
Let k = -2994 - -3358. What is the greatest common factor of 70 and k?
14
Let i(j) = 93*j - 185*j + 96*j + 16. Let t be i(3). What is the highest common divisor of t and 14?
14
Let b(p) = -p**3 + 56*p**2 + 7*p - 308. Let a be b(56). Calculate the greatest common factor of a and 140.
28
Suppose 12*r + 2680 = 21*r - 5*r. Calculate the greatest common divisor of r and 10.
10
Suppose -3*k - 3982 = -4*l, -5*l - 12*k + 5012 = -10*k. What is the greatest common divisor of 16 and l?
8
Let t be 1/2*18 - (1 - -2). Let g = 43 + -24. Suppose -t = -g*q + 16*q. What is the greatest common factor of q and 6?
2
Let g be (-1 - 0) + (-85 - -116). Calculate the greatest common factor of g and 335.
5
Let j = -45 - -63. Let x = -199 + 225. Let h be (-24)/156 + 1174/x. What is the greatest common divisor of h and j?
9
Suppose 41 = -2*v + 47. Suppose -v*s = -2*m - 56, -2*s = 3*s - 3*m - 95. Calculate the highest common divisor of s and 55.
11
Let k(n) = 6*n**2 - 12*n + 179. Let z be k(8). Let y = z + -302. Calculate the highest common divisor of y and 15.
15
Let a(o) = 1339*o - 2498. Let l be a(2). What is the greatest common factor of 16200 and l?
180
Let p be (6 + -3)/((-9)/27). Let a be (-1)/(-2) - ((-1458)/(-12))/p. What is the greatest common divisor of 574 and a?
14
Suppose 5*p + 42 - 82 = 0. Let y be ((-330)/(-21))/(p/112). Calculate the highest common divisor of 20 and y.
20
Suppose -5*f = -3*f, -3*p + 447 = -f. Let y(a) = -332*a + 1327. Let r be y(4). Let d be (p - (2 - r)) + -3. What is the greatest common factor of d and 13?
13
Let z = 2138 + -2126. Let n = 983 + -635. What is the highest common divisor of n and z?
12
Let z(k) = 11*k**3 - 7*k**2 + 3*k - 1. Suppose 9*f + 18 = 36. Let p be z(f). What is the highest common factor of 13 and p?
13
Suppose -35332 = -20*o + 37968. Calculate the highest common divisor of 5 and o.
5
Let l be 2/17 - (8085/85 - 1). Let v be (l/2 + -1)*20/(-30). Calculate the highest common factor of 736 and v.
32
Let m(c) = -3*c**3 - 15*c**2 - 22*c - 2. Let g be m(-2). Calculate the greatest common factor of 254 and g.
2
Let i be 23478/22 + (-22 - (-1680)/77). What is the highest common divisor of i and 388?
97
Suppose -5*q = 5*i - 1198 + 128, -3*q - 2*i + 638 = 0. What is the highest common factor of q and 66?
6
Suppose 4*o = -5*n + 3182 - 605, -3180 = -5*o + 2*n. Calculate the highest common divisor of o and 406.
58
Let z = -1233 - -4021. What is the highest common factor of z and 82?
82
Let w = 91 - 86. Suppose -4*u + 90 = -2*u - h, w*h = 10. Calculate the greatest common divisor of u and 69.
23
Suppose -14*d + 119 = -1125 - 198. Calculate the highest common divisor of d and 25853.
103
Let i be 9/30*-2*(-1790)/537. What is the highest common factor of 1322 and i?
2
Suppose -15*s - 260 + 313 = -187. What is the highest common divisor of s and 21032?
8
Suppose -4*k + 6280 = 4*y, -5*k + 2112 = 2*y - 1034. What is the greatest common factor of y and 98?
98
Suppose -g - 3*n = n - 16, g = 4*n - 8. Let h = 32 + 6. Suppose 35*w - h*w = -18. What is the greatest common factor of w and g?
2
Suppose -b + 75 = -15. Let x = 5279 + -5184. Suppose b*l - x*l + 230 = 0. Calculate the highest common divisor of 115 and l.
23
Let s be (-332)/(-3)*(-32946)/(-68) - -3. What is the highest common factor of 29 and s?
29
Let j = 111 + -109. Suppose n = -2*c - j*c + 60, 2*c = 4*n - 222. Calculate the highest common divisor of n and 14.
14
Suppose 3*t + 3*s + 0*s = 732, 2*t - 486 = -3*s. Let m = 264 - t. Calculate the greatest common divisor of m and 18.
18
Let m be (158 - -2) + -10 + 12. Suppose -2*c + m = -3*x, 7*c = 2*c - 3*x + 384. Let g be 1860/c + (-6)/(-39). What is the highest common divisor of 8 and g?
8
Suppose 18 = b + 12. Let i be b/225*-5 - 962/(-15). What is the greatest common divisor of i and 64?
64
Suppose 0 = 4*l + 2*j - 54, 0 = 3*l + 2*j - 14 - 28. Suppose -4*k + l*v + 552 = 8*v, -v - 271 = -2*k. Calculate the highest common divisor of k and 57.
19
Let z(k) = -5*k - 19. Let d be z(-6). Let h(c) = 3*c**3 + 3*c**2 - 2. Let a be h(1). Suppose -a = -w + 95. Calculate the highest common factor of w and d.
11
Suppose 4*f - 6 = -l, -3*l + 0*l + 18 = -4*f. Let d be 4 + (10/(-15))/(l/(-207)). What is the highest common factor of 6 and d?
3
Suppose 2*l - 16 = -2*l. Suppose -l*a + 104 = 24. Let x = -190 - -210. Calculate the highest common factor of x and a.
20
Let c = 32924 - 32858. Calculate the greatest common divisor of c and 2244.
66
Let f be ((-60)/50)/((-2)/295). Let p(g) = 5*g**3 - 42*g**2 + 50*g - 4. Let z be p(7). Calculate the highest common factor of z and f.
3
Let o = -27778 + 39756. Calculate the highest common divisor of o and 53.
53
Suppose g = 2*m - 60, 3*m + 8*g = 6*g + 111. Suppose 661 + 4622 = 5*k - 3*d, -2*k + 2115 = -3*d. What is the greatest common factor of k and m?
33
Let g(b) = 3*b**2 - 2*b - 129. Let q be g(39). What is the highest common factor of 44 and q?
44
Suppose -311*x - 124*x + 11446 - 2311 = 0. What is the greatest common divisor of x and 2877?
21
Suppose -2*p - 448 = -6*p. Suppose -41*h = -44*h - 9, 3*a - 3*h = 51. Calculate the greatest common factor of p and a.
14
Let k = -122 + 230. Let v(i) = i**3 + 6*i**2 - 18*i + 14. Let d be v(-8). Let u be 6/d - k/(-10). Calculate the highest common divisor of u and 77.
11
Let o(c) be the first derivative of -8*c**2 + 36*c + 74. Let i be o(0). What is the highest common divisor of i and 84?
12
Suppose 4*f - 146 = -5*x + 303, -122 = -f - 2*x. Suppose -2*q = -3*h - 666, q - 4*h = -3*h + 334. Calculate the greatest common divisor of q and f.
48
Let l(w) = -w**2 + 3*w + 19. Let y = 46 - 49. Let u be l(y). Let c(o) = 2*